2*d. Let p(q) = -4 - 18*q**3 - 4*q**3 + q**2 + 23*q**3. What is p(d)?
-4
Let o(b) be the third derivative of -b**4/12 + 5*b**3/6 - b**2. Let j be o(4). Let y be 0/(2 - 5) + j. Let w(q) = -2*q**2 - 5*q - 3. What is w(y)?
-6
Let j = 16 - 21. Let g(n) = 4*n**2 - 12*n + 14. Let y(l) = 3*l**2 - 8*l + 9. Let z(c) = j*g(c) + 7*y(c). What is z(-6)?
5
Let k(c) be the third derivative of c**6/20 - c**5/30 + c**4/12 - c**3/6 - c**2 + 123. Calculate k(1).
5
Let y(h) be the second derivative of 1/2*h**2 - 11/6*h**3 + 0 - 9*h. Suppose -3*o - 5*g - 17 = 0, 2*g = -5*o - g - 7. Give y(o).
-10
Let u = -13 - -8. Let a = u + 10. Let m(y) = -3*y**2 + 9*y + 12. Let t(w) = -2*w**2 + 6*w + 8. Let f(b) = -5*m(b) + 7*t(b). Calculate f(a).
6
Let j(h) = h**2 + 8*h - 2. Suppose -26*g + 21*g - 30 = 0. Give j(g).
-14
Let c(f) = -f**2 + 57*f - 250. Let t be c(52). Let z(d) = -d**3 + 10*d**2 + d + 9. Give z(t).
19
Suppose 2*v - 20 = -2*v. Suppose 28 = -v*w + 23. Let x(t) = 5*t + 5*t - 4*t - 3*t. Determine x(w).
-3
Let y = -10 - -14. Let b(v) = v + 2*v - y*v. Let z(j) = 3*j**2 - 11*j - 9. Let p be z(-1). Give b(p).
-5
Let d(h) = 6*h**3 - 2*h - 1. Let k = -64 - -121. Suppose -54 = -3*l - k. Calculate d(l).
-5
Let w(q) = -5*q**3 - 28*q**2 + 30*q - 3. Let h(k) = 2*k**3 + 9*k**2 - 10*k + 1. Let p(u) = 8*h(u) + 3*w(u). Suppose 99*l + 2343 = 312*l. Calculate p(l).
-12
Suppose 20*h + 47*h + 469 = 0. Let d(c) = c**3 + 8*c**2 + 11*c - 4. Calculate d(h).
-32
Let f(y) = -y + 6. Let b(v) = -3*v + 17. Let u(t) = -3*b(t) + 8*f(t). Suppose -8 = -c - 4. Suppose r = c*r. What is u(r)?
-3
Let n(y) = -45*y + 69*y + 3 - 25*y. Let i(k) = -k - 3. Let b be i(-6). Suppose -o = -b*o. What is n(o)?
3
Let k(d) be the first derivative of d**3/3 + 9*d**2/2 + 8*d + 1. Determine k(-9).
8
Suppose 3*b = 4*b + u + 1, -2*u - 14 = -4*b. Let y(z) = -b + 11 - 3 - z - z**2 - 3*z. Determine y(-6).
-6
Let i(k) = -4*k**3 + 2*k**2 - 1. Let a = 5 - -29. Let j be a/30 + 8/(-60). What is i(j)?
-3
Suppose 4*d = 5*d - 64. Let t = 72 - d. Let l(c) = c**3 - 7*c**2 - 6*c - 10. What is l(t)?
6
Let o be 14/10 + (-9)/(-135)*-6. Let f(w) be the second derivative of -w**4/12 + w**3/6 - w**2/2 + 10*w. Calculate f(o).
-1
Let c be ((-3)/5*-5)/(-4 + 7). Let v(k) = -8*k - 1. What is v(c)?
-9
Let v(j) = -13*j - 14*j - 34 + 25*j. Let n be v(-21). Let p(o) = o - 5. Calculate p(n).
3
Let b(g) = 4*g**2 + 3*g + 2. Let s(k) = -3*k**2 - 2*k - 1. Let a(t) = -5*b(t) - 6*s(t). Let w be -30*((-516)/40 - -13). Determine a(w).
-13
Let u(y) = -109*y + 985. Let n be u(9). Let s(p) = p**3 - 3*p**2 + 4. Determine s(n).
20
Let z(m) = -2*m**2 + 2. Let u(c) = 3*c**2 - 6*c - 13. Let o(x) = -u(x) - 2*z(x). Give o(-10).
49
Let l(t) = -t**3 - 6*t**2 + 4*t + 7. Let n(i) = -i**2 + 3*i + 103. Let u be n(-9). What is l(u)?
-38
Let f(p) = -2*p**2 + 24*p - 48. Let m be f(9). Let n(s) be the first derivative of 3*s**2 + 2*s**3 - 1 + m*s + 1/4*s**4. Give n(-5).
1
Suppose 0 = 12*y - 16*y + 16. Let k(t) = t - 5*t - y - 2*t**3 - 4*t**2 + 1. Give k(-2).
5
Let z(o) = 0*o**3 - o**3 - 1 + 0*o**2 + 2*o**2. Let p be 5 + (2 - (3 - 0)). Suppose 0 = p*k - 9 + 5. What is z(k)?
0
Let r(h) = 4*h**2 + 6*h - 5. Let d(x) = -x**2 - 1. Let g(o) = 10*o**2 + 7*o + 1. Let p(q) = -5*d(q) - g(q). Let k(v) = 3*p(v) + 4*r(v). Determine k(-6).
10
Let l(b) = -b**3 - 3*b**2 - 2*b. Suppose 17*v + 24 = 9*v. Calculate l(v).
6
Let b(u) = -u**3 - 5*u**2 + 7*u + 9. Suppose -27*q - 131 = 31. What is b(q)?
3
Let s = -3 + 9. Let j(v) = 6 + v**3 + 35*v**2 - 9 - 12*v**2 - 12*v**2 - 17*v**2. What is j(s)?
-3
Let w = 153 + -123. Let j(i) = 45*i - 20*i - w*i - i**2 + 2. What is j(-7)?
-12
Let l(a) be the second derivative of a**6/720 - 3*a**5/40 + a**4 + 4*a. Let w(i) be the third derivative of l(i). Give w(0).
-9
Let j(s) be the third derivative of -s**6/120 + 4*s**2. Let w be (5/(-2))/(-5)*2. Give j(w).
-1
Let f(q) = -q**3 + q + 5. Let w be (2/(-6))/((-1)/15). Let b = 5 - w. Let o be f(b). Let v(m) = -m**3 + 6*m**2 - 2*m. Give v(o).
15
Let u(m) = 5*m - 3. Let s = 232 + -228. What is u(s)?
17
Suppose 4*w - 52 = 4*b, 5*b = 2*w + 4 - 39. Let a(c) = c**2 - 10*c + 2. Give a(w).
2
Let r(o) = -5*o - 11. Let b(i) = -3 - i - 2 + 4. Let p(w) = 4*b(w) - r(w). Let s(u) = -u**3 + 15*u**2 - 33*u + 85. Let q be s(13). Determine p(q).
1
Suppose 0 = 6*p - 15 + 3. Let n(u) = -8*u - u**p + 17*u**3 - 18*u**3 + 7*u**2 - 4 + 3*u**2. Calculate n(8).
-4
Let h(c) = -2*c + 2. Suppose 32*m = 36*m - 24. Suppose -5*s + 12 = -4*o, -o = -s - s + m. Calculate h(s).
-6
Let a(d) = d**3 - 6*d**2 + d + 6. Let b be -3 + (4/6)/((-6)/(-45)). Let c be b*((-12)/8 - -4). Calculate a(c).
-14
Suppose -8*f - 26 = 2*x - 3*f, 2*f = -3*x - 17. Let s(r) be the third derivative of -r**4/8 - r**3/2 - 420*r**2. Determine s(x).
6
Let z(d) = -d - 3. Let h be z(2). Suppose 4*g - 6 = 6. Let c(q) = 0*q**3 + q**3 + g*q**2 + 5*q + 3*q**2 - 7. Calculate c(h).
-7
Let p(a) = -a**3 + a**2 + 2*a + 5. Suppose 0 = -5*v + 3*h + 6, 40*v - 44*v - 4 = 2*h. Calculate p(v).
5
Let l(w) = -3*w + 4. Suppose f - 42 = -40. Calculate l(f).
-2
Let d(l) = l**2 - 3*l + 5. Suppose 5*r = -4*h - 36, 2*r = -4*h + 4*r - 8. What is d(h)?
33
Suppose -w = -p - 3*p - 9, -4*w - 5*p = 6. Let v = w - -1. Let r(x) = x**2 + x + 4*x**3 - 4*x**2 - v*x**3. Determine r(2).
6
Let z(r) = 7*r + 21*r**2 - 2*r + 1 - 22*r**2 - r. Determine z(5).
-4
Let j = 11 - 1. Let d(m) = j + m**2 - 5 + 6*m + 2. Let v be 2*(225/(-18) - -10). Determine d(v).
2
Let p = -62 + 59. Let l(j) = -4*j - 11. Let r(d) = 5*d + 12. Let y(v) = p*r(v) - 4*l(v). Determine y(-6).
2
Let r(s) be the first derivative of -s**2/2 + 9*s - 2. Let v(g) = -88*g + 528. Let c be v(6). What is r(c)?
9
Let y(u) = -1 - 2*u**3 + u + u**2 - 6 + u**3. Suppose 0 = m - 3*t - 26, -7*m + 3*t = -12*m + 40. Suppose -m*n - 2*n = 0. Give y(n).
-7
Let w(r) be the second derivative of r**5/60 + 7*r**4/24 + r**3/3 + 9*r**2/2 - 6*r. Let d(f) be the first derivative of w(f). Let o = 8 + -14. Calculate d(o).
-4
Let l(v) = 4*v - 1 + 5*v + 0 + v**2. Let n be -5*((-20 - -5) + -3)/(-10). What is l(n)?
-1
Let g(z) = -z**2 + 4. Let f(i) = i**2 + 5*i + 2. Let s be f(-5). Let t(m) = -4 + 0 + m - s*m - 5. Let u be t(-12). Determine g(u).
-5
Let i be 21/84 - 46/(-8). Let w(m) = -m**2 + 5*m + 7. Calculate w(i).
1
Suppose 3*c - 5*k - 43 = 0, 0 = -0*k - 3*k - 15. Let i(a) = 2*a**2 + 10*a + 1. Let y(m) = -3*m**2 - 11*m. Let v(d) = -4*i(d) - 3*y(d). What is v(c)?
-10
Suppose 4 = -t + 2. Let d(s) = s**2 + 1. Let p(n) = -120 + 54 + 65. Let g(c) = t*d(c) - 3*p(c). Determine g(-1).
-1
Let n = 4 + -2. Suppose -n*a - 2 - 4 = 0. Let t(k) = -5*k**3 - 4*k**2 + 3*k + 7. Let l(s) = s**3 - s - 1. Let j(w) = -4*l(w) - t(w). Calculate j(a).
3
Suppose 2*b - 30 = -2*o, 3*b = o + 5 - 4. Let s = o - 9. Let r(u) = 0*u + 4*u**2 - u**3 + 2*u**s - u. Determine r(6).
-6
Let b(m) be the third derivative of 1/24*m**4 - 1/20*m**5 - 1/3*m**3 + 0 + 0*m - 1/120*m**6 - 15*m**2. Let u = -4 + 1. Give b(u).
-5
Let r(f) = -6*f + 58. Let x be (4 - 5)*(4 + 78/(-6)). Determine r(x).
4
Let b(w) = -w + 5. Let f be b(3). Let y(d) = -9*d**2 + d - f*d**3 - 2*d**3 + 7*d**2. Calculate y(1).
-5
Let q(y) = 0*y - 1 + 0*y + 0 + y. Give q(10).
9
Suppose -5 = -0*d - 5*d. Let u be (2*3)/2 - -1. Let l(s) = 2*s - 7*s - u*s. Determine l(d).
-9
Let i(n) = 2*n + 2. Let u be i(-4). Let a(x) = -2*x**2 - 22*x + 3. Let b be a(-11). Let y(f) = -6 + 2 - 2*f - b*f + 4*f. What is y(u)?
2
Let c(p) = p + 13 - p - 6*p. Let h(q) = 3*q - 7. Let u(i) = 6*c(i) + 11*h(i). Suppose -3*a + 5*y - 21 = 0, -4*a - 4*y + 10 = -3*a. Determine u(a).
7
Suppose -6 = 3*p - 5*p. Suppose 0 = -y - 5*u + 31, 5*y + p*u = 47 - 2. Let g(l) = l**3 - 6*l**2 - l - 1. Calculate g(y).
-7
Let u(r) = 2*r + 6. Let d(o) = o + 9. Let a(v) = -4*d(v) + 4*u(v). Give a(0).
-12
Suppose 0 = -74*i + 65*i + 108. Let q(l) = 2*l - 27. Calculate q(i).
-3
Let n(x) = -x**3 - 5*x**2 - 8*x - 4. Suppose -2*t + 2 = -4*v, -5*v - 7*t - 40 = -2*t. Let y be n(v). Let o(l) = l**2 + 2*l. Determine o(y).
8
Let a = 25 + -31. Let p(x) be the third derivative of 0 - 3*x**2 - 1/2*x**3 - 1/24*x**4 + 0*x. Give p(a).
3
Suppose 21*q + 240 = 72. Let n(u) = 2*u**2 + 12*u + 1. What is n(q)?
33
Let w(i) be the third derivative of 0*i - 1/360*i**6 - 1/4*i**4 - 6*i**2 + 0 + 1/20*i**5 + 2/3*i**3. Let j(u) be the first der